t y be 1/(-4) + 11/(-4). Calculate the remainder when (-31 - y)/(4/(-6)) is divided by 12/9*(-33)/(-2).
20
Suppose 33477 = 96*m - 29019. Calculate the remainder when m is divided by 16.
11
Let y(m) = m**3 + 2*m**2 - 4*m. Let b be y(-3). Suppose -11*x + b*x + 520 = 0. What is the remainder when x is divided by 22?
21
Let f(l) = l**2 + 2*l - 1. Let x be f(-3). Suppose 80 - 402 = -x*v. Calculate the remainder when v is divided by 27.
26
Let y(a) = -a**3 + 29*a**2 + 64*a - 29. Calculate the remainder when 163 is divided by y(31).
31
What is the remainder when ((-329)/(-94))/(1/446) is divided by 142?
141
Let j(u) = -u**3 - u**2 + u + 3. Let v = 0 - 0. Suppose 0 = -56*r + 81*r - 25. What is the remainder when j(v) is divided by r?
0
Suppose o - 73 + 7 = 0. Let t(h) = -h**3 + 11*h**2 - 18*h + 17. Calculate the remainder when o is divided by t(9).
15
Let k(h) = 112*h**2 + 49*h - 2. Let w = 2 - 1. Let a(d) = 20*d + 1. Calculate the remainder when k(-1) is divided by a(w).
19
Let t(k) = -k**2 - 14*k - 40. Let o be t(-9). Suppose -o*g = 5*h - 55, -2*g + 5*h = -15 - 7. What is the remainder when 42 is divided by g?
9
Let g = -35 - -38. Suppose -3*z + 39 + g = 0. What is the remainder when 27 is divided by z?
13
Let u = -1091 - -1142. What is the remainder when u is divided by 19?
13
Suppose -42*r + 88 = -34*r. What is the remainder when 173 is divided by r?
8
Let l(g) = 12*g + g**2 - 3 + 9*g - 6*g - 6. What is the remainder when l(-20) is divided by 46?
45
Let d = 119 + -43. Let x be (5/(-2) - -4)*8/(-6). Calculate the remainder when d is divided by x/6 - (-316)/12*1.
24
Let u be 37/7 - 30/105. Suppose -u*w = -3*w - 14. Suppose -2*g + 5*g - 83 = -5*b, g = 3*b - 61. Calculate the remainder when b is divided by w.
5
Suppose m - 79 = -4*l, 20 = -257*l + 261*l. What is the remainder when 102 is divided by m?
43
Suppose -138 = 9*a - 7*a. Let v = a - -131. What is the remainder when v is divided by 22?
18
Suppose -5*c = -2*h - 3, -6 = h - 6*h - c. Let l(v) = v**2 - 8*v + 5. Let w be l(6). Let p = w + 10. What is the remainder when p is divided by h?
0
Calculate the remainder when -6 - (-9)/(9/343) is divided by 20.
17
Let q = -64 + 94. Calculate the remainder when q is divided by 2.
0
Let p be (-6)/14 - 156/28. Let a(h) = -h - 9. Let x(o) = 1. Let j(s) = a(s) + 5*x(s). Calculate the remainder when j(p) is divided by 1.
0
Suppose -n - 8 = 4*f, -5*f - 5*n - 21 = -n. Let k = f - -11. Calculate the remainder when 56 is divided by k.
6
Let p = 17 + -6. Let f be (76/16)/((-3)/(-24)). Suppose -2*y + f = -46. Calculate the remainder when y is divided by p.
9
Let f(r) = 3*r + 35. Let l = -59 - -213. What is the remainder when l is divided by f(-3)?
24
Suppose -7*a = -6 - 71. Suppose -55 - 319 = -a*k. What is the remainder when k is divided by 18?
16
Let d(t) = -9 + 8*t - 15*t - 13*t. Suppose -3*m = -2*m - 3*a + 4, 5*a = -5*m - 20. What is the remainder when d(m) is divided by 24?
23
Suppose 0*p = 3*p. Suppose -3*d + 33 + p = 0. Suppose -3*s = -2*s - 30. What is the remainder when s is divided by d?
8
Suppose -12*s + 12 = -15*s. What is the remainder when 104 is divided by -36*(12/(-28))/(s/(-7))?
23
Let a(q) = -q**2 + 6*q + 5. Let g be a(5). Suppose 4*r - 38 - g = 0. Calculate the remainder when r is divided by 10.
2
Suppose -2*a + 3*g + 163 = 66, -g = -2*a + 91. What is the remainder when 175 is divided by a?
43
Suppose 9*z - 67 = -49. What is the remainder when 12 is divided by z?
0
Suppose 0 = -2*m + 14*m - 36. What is the remainder when 101 is divided by m + (21 + -2 - 1)?
17
Suppose -3*g - 2*g + 1280 = 0. Suppose -2*s = z - 126, -2*s + g = 2*z - 0*s. Calculate the remainder when z is divided by 19.
16
Calculate the remainder when 9*372/108 + 12/2 is divided by 41/3 + 14/(-21).
11
Suppose -5*y - 3 + 16 = 3*o, -5*y + 41 = -4*o. Suppose q = -4*b + 28, -3*q - y*b - 28 = -7*q. What is the remainder when 45 is divided by q?
9
Let n(u) = u**2 + 9*u + 3. Let f = 10 - 5. Suppose p = -0*p - 2*v - f, 2*p + v = -16. What is the remainder when 6 is divided by n(p)?
0
Let q(m) = m**2 - m + 24. Let y(f) = -f**3 + 5*f**2 - 5*f + 4. Let z be y(4). Calculate the remainder when (-95)/(-3)*1*3 is divided by q(z).
23
Suppose -5*m = -5*w + 10, 4*m - w + 4 = 2*m. Let y(n) = 3*n**2 + 3*n + 1. Let r(k) = 7*k + 3. What is the remainder when r(3) is divided by y(m)?
3
Suppose 0 = 5*x - 3*x - 8. Suppose -w + 1 = -4*r - 0*r, -w - 4*r = -9. What is the remainder when 4/(-2) + 55/w is divided by x?
1
Let o be 52/6 + (-14)/21. Let t = 37 - o. Calculate the remainder when 86 is divided by t.
28
Let o be -37 - (-1 - 19)/(-5). Suppose -l + 3*l - 4*z = -64, z + 82 = -3*l. Let h = l - o. What is the remainder when 25 is divided by h?
12
Let b be (-529)/(-4) + 1/(-4). Let z(o) = -2*o. Let w be z(1). Calculate the remainder when b/4 - 1*w is divided by 19.
16
Let t = 630 - 618. Calculate the remainder when 263 is divided by t.
11
Calculate the remainder when 156 is divided by 5 - (6 - -11) - -67.
46
Suppose 6*j - 9 = 3*j. Suppose 0 = j*v + 3*p - 42, 2*v + 2*p - 24 = p. Suppose 10*c = 9*c + v. What is the remainder when 18 is divided by c?
8
Let a(b) be the second derivative of 2*b**3/3 + 2*b**2 - 2*b. Let w be a(4). What is the remainder when 21 is divided by 116/w + 2/10?
3
Let n = -47 - -50. Calculate the remainder when 38 is divided by n.
2
Let l = 5 + -7. What is the remainder when 35 is divided by l - (-12 - (8 + -4))?
7
Let j = -46 + 37. What is the remainder when 13 is divided by 1 + 1 - (j - -3 - -3)?
3
Let f = -1 - -3. Suppose 9 = -f*x + 23. What is the remainder when x is divided by 15/6*4/5?
1
Let v = -103 + 58. Calculate the remainder when 0 + (-2)/(-5) + (-1062)/v is divided by 13.
11
Let w(q) = -6*q**2 + 3*q**3 - 2*q**3 - q**2 - 8 + 5. Let m be w(7). Let i = 5 - m. Calculate the remainder when 28 is divided by i.
4
Suppose 0 = 3*x - 5*x + 30. Let g be (-4)/18 + (-2409)/(-27). Suppose 0 = -2*h - y + g, -4*y + 98 = 2*h - 0*y. What is the remainder when h is divided by x?
13
Suppose -5*m + 41 = -59. What is the remainder when m is divided by ((-6)/(-9))/(15/(-45)) + 9?
6
Suppose 60 - 52 = -4*x. Calculate the remainder when (200/(-60))/(x/66) is divided by 16.
14
Let m(d) = -2*d**2 - 25*d + 10. Suppose -4*u = -2*r - 154, -4*r - 229 = -r - 4*u. Let l = -54 - r. What is the remainder when m(-8) is divided by l?
19
Let w(m) = -29 - 10*m - 26 + 2*m**2 + 32. Calculate the remainder when ((-30)/(-8))/((-6)/(-16)) is divided by w(7).
0
Suppose 363 = 4*j + 67. Suppose 1008 = 4*o + 4*v, -5*o + 948 = 2*v - 318. Suppose -4*l - j = -o. What is the remainder when l is divided by 12?
9
Let k = -29 - -41. Suppose 0 = 2*n - 4*f - k, -f - 29 + 70 = 5*n. Calculate the remainder when 35 is divided by n.
3
Suppose 0 = -5*m + 4*g + 30, -4*m = 6*g - g - 65. What is the remainder when 11 is divided by m?
1
Let b = 47 - 36. Let w = b + 10. Suppose 2*h - 5*p = -2*p + 13, 2*h + 5*p - w = 0. Calculate the remainder when 31 is divided by h.
7
Let l = -13 - -10. Let y(t) = -t + 1. Let i be y(l). Suppose -3*d + i*g = 2*d - 67, 4*g - 23 = -d. What is the remainder when 28 is divided by d?
13
Let t be 2/(-4)*-8 - 3. Let u(v) = 13*v + 1. Suppose -2*r = -75 - 31. Calculate the remainder when r is divided by u(t).
11
Let c(d) = d**2 + 15*d + 14. Let j(i) = i + 1. Let a(v) = -c(v) - 2*j(v). Calculate the remainder when a(-11) is divided by 26.
24
Let h(w) = -10*w + 22. Suppose 4*s = -4, -5*r - s + 2*s - 39 = 0. What is the remainder when h(r) is divided by 15?
12
Let o(r) = 7*r**2. Suppose -14 = 2*n + 8. Let c(f) = -f - 12. Let s be c(n). What is the remainder when o(s) is divided by 4?
3
Suppose 3*j - 1 - 32 = 0. What is the remainder when 100/(-3)*(55/(-25) - -1) is divided by j?
7
Suppose -288 = -4*w + 2*y, 3*y - 76 = -w - 18. What is the remainder when w is divided by (-44 + 36)/((-10)/(-6) + -2)?
22
Suppose -4*l + h + 11 = 0, -8*l - 2*h = -3*l - 4. Suppose l*d - 41 = 55. What is the remainder when 61 is divided by d*((-20)/12 - -2)?
13
Suppose -5*p - n = -37, -p + 17 = 2*n + 6. Let j(f) = -f**3 + 6*f**2 + 15*f - 12. Calculate the remainder when j(p) is divided by 12.
8
Let m(d) = 11*d + 170. Calculate the remainder when m(26) is divided by 9.
6
Let q = 68 + -18. Suppose q*x + 84 = 54*x. What is the remainder when 104 